ose 0 = -o + 5*x + 34, 2 = -x + 6. What is the units digit of o?
4
Let n(q) = -19*q + 18. What is the hundreds digit of n(-7)?
1
Let n be 2096/(-32) + (-2)/4. What is the units digit of (-2)/12 + (-3443)/n?
2
Let m(h) = h**2 - 7*h + 4. Let y be m(7). Let b = 6 - y. Suppose -b*z + 3*z = 4. What is the units digit of z?
4
Let u = 37 + -5. Suppose -x = 6 - 2, -2*l + u = -x. What is the tens digit of l?
1
Let q = -4 - -6. Let f be 108/5 + q/5. Suppose 5*o - 77 + f = 0. What is the units digit of o?
1
Suppose 0 = -2*w - i + 58, -2*i + 50 = 2*w + 3*i. Suppose -r + w = 5*b, -4*b = -4*r - 0*r. What is the units digit of b?
5
Let b = 5 - 0. Suppose -4*y - 87 = -3*u, -5 = 3*y + b*u + 24. What is the units digit of (3/(-2))/(y/24)?
2
Let r(y) = -36*y + 10. What is the hundreds digit of r(-3)?
1
Let x(c) = c**2 + 4*c. Let s be x(-6). Let m = 53 - s. What is the units digit of m?
1
Suppose -v = -5*m - 42, 3*m = 2*v + 45 - 115. Suppose -v = -q - 2*n, 55 = 3*q - 2*n - 17. What is the units digit of q?
6
Suppose -3*x + 186 + 57 = 0. Let t = -48 + x. What is the units digit of t?
3
What is the tens digit of 6/(-27) - (-290)/9?
3
Suppose 0*p = -3*p - 3. What is the units digit of (-1 + 2)*(2 + p)?
1
Let h = -5 + 5. Let w(z) = z + 3. What is the units digit of w(h)?
3
Suppose 5*m = w + 21, -4*w - 3*m + 3 + 28 = 0. Let d be 9 + (w/2)/(-1). Suppose -6 = 4*g - d*g. What is the units digit of g?
2
Suppose 0 = -n - 2 - 2. Let w(x) = x + 6. Let t be w(-6). What is the units digit of -1 + t - (n + 2)?
1
Suppose 4*g - 4*a = 8, -g + 2*a - 4 = -a. Let z = g - 2. What is the units digit of z?
3
What is the tens digit of (-171)/(-27) + -7 + (-1127)/(-3)?
7
Suppose 2 = j, -5*n = j - 33 - 4. What is the units digit of n?
7
Suppose -2*z = 2*o - 6, -2*o + 5*z - 8 = 14. What is the units digit of 20 + 2/(0 + o)?
8
Suppose -4*c - 4*z + 80 = -7*c, -2*c - 4*z = 20. Suppose -3*p + 65 = -8*p. Let o = p - c. What is the units digit of o?
7
Suppose -1 = 2*a + 7. Let d = 1 - a. What is the units digit of d?
5
Suppose 0 = 2*p - 3*p + 29. Suppose 0 = -7*v + 2*v - 2*w + 63, w + p = 3*v. Let s = 18 - v. What is the units digit of s?
7
Let r(f) be the second derivative of f**4/12 - f**3 + 3*f**2/2 + f. What is the units digit of r(6)?
3
Let x = 41 + 48. What is the units digit of x?
9
Suppose 2*o = 5*j + 4*o - 72, j + 2*o - 16 = 0. What is the units digit of j?
4
Suppose -p - p + 2*n = -32, 0 = p + n - 8. Suppose u + p = 34. What is the units digit of u?
2
Let w(t) = t**2 - t + 1. Let x = 1 + -2. Let u(b) = -11*b**2 + 3*b - 2. Let o(f) = x*u(f) - w(f). What is the units digit of o(1)?
9
Let s = 5 + -1. What is the tens digit of s/(16/116) - 3?
2
Let f = 4 + -1. Suppose -f*r + 2*r + 1 = 0. What is the units digit of r?
1
Let t = 168 - -5. What is the hundreds digit of t?
1
Let t(q) = q**3 + 5*q**2 + 5*q + 5. Let d be t(-4). Let z = d + 3. What is the units digit of z?
4
Let x = -11 + 17. Suppose 15 = -2*k - 3*k + 2*q, 0 = 2*k + 2*q + x. Let f(j) = -6*j - 1. What is the tens digit of f(k)?
1
Let r(y) = -y**3 + 4*y**2 - 2*y + 6. Let h = 9 + -5. Let x be r(h). Let q = 6 + x. What is the units digit of q?
4
Let n = 244 - -61. What is the units digit of n?
5
Let y(m) = 9*m**2 + 12*m - 44. What is the units digit of y(6)?
2
Suppose w + 87 = -5*l, -l - 4*l = 4*w + 93. What is the units digit of ((-12)/(-5))/(l/(-85))?
2
Suppose -5*q = 42 - 112. What is the tens digit of q?
1
What is the tens digit of (39/(-4))/(7/(-196))?
7
Let a(r) = r**2 - r - 7. What is the units digit of a(7)?
5
Let c = -3 - -4. Suppose 0 = 2*p - n + 2*n + 12, -p = 3*n + c. Let b = 14 - p. What is the tens digit of b?
2
What is the tens digit of 1/((-777)/195 + 4)?
6
Let u(p) = 2*p**2 + 4*p + 1. Let k be u(-4). Let z = k + -11. What is the units digit of z?
6
What is the tens digit of (0 - 36)/(0 + (-14)/77)?
9
Let u(c) = -2*c + 2. Let f be u(3). What is the tens digit of -1 + 2/(f/(-46))?
2
Suppose -q - 1336 = -4*r, r + q + 334 = 2*r. What is the units digit of r?
4
Let t(i) be the second derivative of 2*i**3/3 + i**2/2 - i. Let n(b) = 9*b + 1. Let z(o) = -2*n(o) + 5*t(o). What is the units digit of z(3)?
9
Let z(g) = -49*g + 1. Let j be z(-1). What is the tens digit of (2 + j)/4 + 0?
1
Let w = 11 + -8. What is the units digit of w?
3
Suppose 3*k + 4*a - 24 = 7*a, a - 20 = -3*k. What is the units digit of k?
7
Let b(w) = 8*w - 8. Let n(y) = 1. Suppose -2 - 22 = 3*s. Let o(g) = s*n(g) - b(g). What is the units digit of o(-1)?
8
Let d = 30 + -25. What is the units digit of d?
5
Suppose -296 = -2*m + c - 4*c, m - 153 = c. What is the hundreds digit of m?
1
Let m = 30 - 18. What is the units digit of m?
2
Let c(y) = -3*y + 11*y - 2*y + 3*y. Let b(i) = i**2 - 7*i + 7. Let j be b(6). What is the units digit of c(j)?
9
Suppose x = -5*o + 336, 4*x + 2*o = 920 + 406. What is the units digit of x?
1
Let k be (-33)/(-1) + (-2 - -5). Suppose x = -3*x + k. Let s = x - -13. What is the tens digit of s?
2
Suppose -2*o + 1 + 17 = 0. What is the units digit of o?
9
Suppose -4*m = 4*d + 109 - 501, 107 = d + 4*m. What is the units digit of d?
5
Suppose k = -2*k + 3. What is the units digit of 12 - k/(-4)*-4?
1
Let l = 38 - -26. What is the tens digit of l?
6
Let y(h) = 28*h**3 + h**2 + h + 1. Let l be y(-1). Let m = -17 - l. What is the tens digit of m?
1
Let d(g) = 9*g. Let r be d(6). Let z = -33 + r. What is the units digit of z?
1
Let n = -25 + -4. Let v = n - -14. What is the units digit of (-20)/4*21/v?
7
Let j = -9 - -36. What is the tens digit of j?
2
Let l(y) = -y**3 + 3*y**2. Let r be l(3). Let c = r - -2. Suppose 5*t = c*i + 23, -4*i - 13 = -0*t + t. What is the units digit of t?
3
Let u(t) = 4*t - 1. Let m be u(1). Suppose 26 = 2*b + 4*q, m*b + 5*q = 41 - 0. What is the units digit of b?
7
Suppose -3*s - 16 - 13 = 4*p, -4*p + 4*s - 8 = 0. What is the units digit of -2*(2 + p)*1?
6
Let w = 217 + -128. What is the tens digit of w?
8
Suppose 41 = 5*q + t, -4*q + 24 + 3 = -5*t. What is the units digit of q?
8
Let g be (-3)/(-15) - (-88)/10. What is the tens digit of g/((-33)/(-12) - 2)?
1
Suppose 3*h = -4*b - 0*b + 138, -3*h + 4*b = -138. Suppose 5*o - 4*k - h = 0, -5*o = -k - 29 - 5. What is the units digit of o?
6
What is the tens digit of (-13)/((3/9)/(-1))?
3
Suppose -4*r + 16 = 0, 3 = -x - 2*x + 3*r. What is the units digit of x?
3
Let y(r) = -r + 10. Let h(t) = -t - 8. Let v be h(0). What is the units digit of y(v)?
8
Suppose 3*z = 2*z + 2. Suppose z = -2*w + 32. Suppose 3*f - 8 = -4*h, 6*f + h = 2*f + w. What is the units digit of f?
4
Let t be (-5 - -3)/2 + -5. Let f = t + 14. What is the units digit of f?
8
Let u = 84 + -26. What is the tens digit of u?
5
Suppose -8 = -4*h - 0*h. Let q = -4 + 3. What is the units digit of q/((-6)/15)*h?
5
Suppose 6*o = 4*u + o + 19, 0 = -4*u - o - 1. Let i = 3 + u. Suppose 29 + 27 = 5*c - i*z, c = -3*z + 1. What is the units digit of c?
0
Suppose 10 + 6 = 2*k. Suppose -5*s = -7 - k. What is the units digit of s?
3
Suppose 0 = -2*k + 6*k + 44. Let d = k - -38. What is the units digit of d?
7
Let j = 0 + 1. Let u = -1 + 7. Let h = u - j. What is the units digit of h?
5
Suppose 0 = -5*c - 8*c + 1768. What is the tens digit of c?
3
Suppose -4*s - y = -511, 4*s + 3*y + 2*y - 491 = 0. What is the units digit of s?
9
Let a be -1 + 7 + 2 - 1. Let t(w) be the second derivative of w**5/20 - 7*w**4/12 + 4*w**2 - w. What is the units digit of t(a)?
8
Let v be 1*-1 - (-3 + -2). Let r(c) = c**3 + 6*c**2 + 3*c - 6. Let g be r(-5). Suppose 20 = -4*w + g, -4*f = 2*w + v. What is the units digit of f?
1
Suppose -5*f = -2*c - 8, -2*f + 5*c = c. Suppose -h + f*h = 1. Let z(w) = 10*w**2 + 1. What is the units digit of z(h)?
1
Suppose 45 = 5*c - 55. What is the tens digit of c?
2
Suppose 4 = 2*z - 0. Let f be (-18 + 18)/(1*-1). Suppose 6 = z*c - 3*a - f, 0 = 4*c + a - 12. What is the units digit of c?
3
Let d = -5 + 18. Suppose 5*g + 4 = 5*y - 11, -y + d = 4*g. Suppose -2*o + 3*a - a = -24, g*a = -4*o + 60. What is the tens digit of o?
1
Let z(r) = 30*r**3 - r. What is the tens digit of z(1)?
2
Let t = 5 - 3. Suppose -2*j - 14 = -4*l, -j = 3*l + j - 21. Suppose u - 80 = -l*y, 3*y + 0*y + t*u = 41. What is the units digit of y?
7
Suppose 3*u = 9, -3*u - 16 = -2*h + 31. What is the tens digit of h?
2
Let g(a) = a**3